f 5*m**2/2 + m - 13. Let h(s) = s**2 + 5*s + 5. Let x(o) = o**2 + 6*o - 4. Let t be x(-6). Let q be h(t). Determine r(q).
6
Let g(n) be the first derivative of 2 - 4*n + 1/2*n**2. Give g(0).
-4
Let r(y) = -y**3 + 4*y**2 - 4*y + 2. Let s(n) = -2*n**3 + 8*n**2 - 9*n + 5. Let j(c) = -5*r(c) + 2*s(c). Let x = 5 + -3. Suppose x*m - 12 = -2*m. What is j(m)?
-3
Let k be (9/2)/((-42)/(-56)). Let u(y) = y**3 - 6*y**2 - y - 1. What is u(k)?
-7
Let r(h) = h - 6. Let g be r(8). Let j(b) = 3*b**2 - 2*b + 3. What is j(g)?
11
Let h be (3 + -2 - 0) + -7. Let x(z) = -z**2 - 5*z - 7. Determine x(h).
-13
Let m(f) = f**3 + 0*f + 2 + 2 - 6*f**2 + 5*f. Let o(g) be the first derivative of -g**3/3 + 2*g**2 + 2*g - 3. Let c be o(3). Give m(c).
4
Let s = -56 + 57. Let x(o) = -6*o + 1. What is x(s)?
-5
Suppose -2*w + 18 = r, 6*r = 5*w + 3*r - 34. Let b(o) = -2*o - 2. Give b(w).
-18
Let o(t) be the third derivative of t**8/6720 + t**7/360 - t**6/80 - t**5/60 + t**4/4 - 6*t**2. Let q(k) be the second derivative of o(k). What is q(-8)?
6
Let t(h) = -h + 15 - 4 - h**2 - 7. Give t(3).
-8
Let z(d) = 5*d + 1. Suppose g - w + 1 = -2*w, w = 0. Give z(g).
-4
Suppose 0 = -2*i - 0*i - s + 9, -2*i + 2*s = 0. Let m(l) = l**3 - 3*l**2 + 3*l - 2. Determine m(i).
7
Suppose x = 6*x. Suppose 2*t + 3*t + 10 = 0, x = -4*w + 5*t + 18. Suppose -4*s + 8 = 4*g, 3*g = -w*g + 3*s + 34. Let p(c) = c**2 - 4*c + 1. Give p(g).
6
Let i(f) be the third derivative of f**4/6 + f**3/6 - 12*f**2. Let w(a) = a - 7. Let d be w(8). Give i(d).
5
Let f(b) = 4*b - 6. Let q(j) = 1. Let v(a) = -f(a) - 4*q(a). Give v(2).
-6
Let n(j) = 56*j**3 - j - 9*j**2 - 31*j**3 - 26*j**3 - 3. What is n(-9)?
6
Let p(g) = -g**3 + 8*g**2 + 8*g + 9. Let a be p(9). Let n(v) be the third derivative of -v**4/24 - 4*v**3/3 - 12*v**2. Calculate n(a).
-8
Let t(h) = -2*h**3 + h**3 + 3*h**2 - 7*h**2 + 4. Give t(-4).
4
Let c(q) = 2*q + 2. Let d = 17 - 22. Determine c(d).
-8
Let c(o) be the first derivative of 3*o**2/2 - 7*o + 7. Give c(-5).
-22
Let n(i) be the third derivative of 0*i**3 - i**2 + 0*i - 1/24*i**4 + 1/120*i**6 + 1/30*i**5 + 0. Let o = 297 - 299. Give n(o).
2
Let w = -20 - -22. Let x(r) = r**2 + r. Let z(u) = -3*u**2 + 1. Let g(v) = w*x(v) - z(v). Determine g(1).
6
Let u(c) = -3*c**3 + 5*c**2 - c - 1. Let m(d) = 8*d**3 - 15*d**2 + 2*d + 2. Let q(v) = 4*m(v) + 11*u(v). Give q(-4).
-7
Let z(w) = w + 1 - 7*w + 0*w**3 - 5*w**2 + w**3 + 0*w**3. Determine z(6).
1
Let s(h) be the first derivative of -h**4/4 - h**3/3 + h**2/2 - 11*h - 1. Suppose 3*t = 2*t. Determine s(t).
-11
Let m = 32 - 28. Let q(h) = h**2 - 3*h. What is q(m)?
4
Suppose 5*r = 2*j + 22, -5*j + r - 2*r - 28 = 0. Let c(g) = -2*g + 2. What is c(j)?
14
Let v(y) be the first derivative of 0*y**2 - 1/4*y**4 - 4*y - 1 + y**3. Give v(3).
-4
Let u(i) = i + 1. Let m(x) = 2*x. Let l(p) = 2*m(p) - 2*u(p). Give l(2).
2
Let g(v) be the first derivative of v**4/4 + v**3/3 + v**2/2 + 18*v + 59. What is g(0)?
18
Suppose -3*l = -12 - 3. Let c(f) = -l*f - f + 5*f - 2. Suppose -2*j - k = -0*k - 10, 2*k = -j + 2. Calculate c(j).
-8
Let l(y) = -1 - y - 3 + 0. Determine l(-3).
-1
Let m be 4/(-18) + 29/9. Suppose -2*z = -1 - m. Let b(j) = -4 - 4*j**z - 6 + 4 + j**3 + 3*j. What is b(4)?
6
Let p(g) = -10*g**2 - 4*g + 5. Let s(n) = -22*n**2 - 8*n + 11. Let t(o) = 9*p(o) - 4*s(o). What is t(-3)?
-5
Suppose 18 = 4*p - 2. Let g(n) = -4*n**2 + 5*n - 2. Let u(c) be the third derivative of c**5/60 + c**3/6 - 2*c**2. Let q(b) = -g(b) - 3*u(b). Give q(p).
-1
Let c(z) = z**3 - 4*z**2 + z - 7. Let y be c(4). Let m(k) be the third derivative of k**4/24 + k**3/3 + 2*k**2. Determine m(y).
-1
Let x(p) be the first derivative of -7*p**3 - 61. Give x(1).
-21
Let k(p) = p**2 - 2*p - 2. Let j be k(3). Let a = -5 + j. Let w(o) = 3 + 0*o - o + 0*o - 2. Give w(a).
5
Let t(z) = 4*z - z - 2*z. Let d be (-301)/63 + (-2)/9. Give t(d).
-5
Suppose 3*d + 65 = -10*d. Let z(o) = -7*o - 2. Determine z(d).
33
Let q(m) = -m + 1. Let n(t) = -t + 4 + 0*t + 2. Let l be n(4). Give q(l).
-1
Let v(m) be the third derivative of -m**2 - 1/3*m**3 + 0*m + 1/40*m**5 + 0 - 1/4*m**4. Let x(z) be the first derivative of v(z). Give x(4).
6
Let f(p) be the first derivative of -p**4/4 - p**3 - p**2 - 2. Let r be (-5)/(-7) + (-4)/(-14). Let n be (r - -1)*3/(-2). What is f(n)?
6
Let y(w) = -2*w + 5. Let o(j) be the first derivative of j**2 + j + 4. Let q be o(2). What is y(q)?
-5
Let t(q) = q**2 - q**2 + 5*q**2 + 4*q - q**3. Give t(5).
20
Let i(d) be the third derivative of d**6/120 + d**5/15 - 5*d**4/24 - 7*d**3/6 + 26*d**2. What is i(-5)?
-7
Let p(m) = 9*m**3 - m**2 - 5*m - 9. Let g(d) = -5*d**3 + 2*d + 5. Let t(o) = 7*g(o) + 4*p(o). Let y be 6/2*(-4 - 1). Let x = 20 + y. What is t(x)?
-6
Let g(m) = -m - 5. Let h(f) = f + 6. Let n(z) = -6*g(z) - 5*h(z). Let i be n(4). Let t(p) = 1 + i*p + p - 3. Calculate t(2).
8
Let t(o) = 3*o**3 - 4*o - 2. Let j(i) = -8*i**3 + i**2 + 12*i + 6. Suppose 0 = n + 4 - 0. Let l(s) = n*j(s) - 11*t(s). Determine l(-2).
-2
Let h(w) be the second derivative of w**3/6 - w. Determine h(2).
2
Let p(a) = -a - 1. Let w = 0 - -11. Let x(k) = 3*k + 3. Let j(g) = w*p(g) + 4*x(g). Suppose -3*y + 2*i + 30 = 7, -3*i - 12 = 0. Determine j(y).
6
Suppose -3*d = 3*o - 21, -41 = -5*o + d - 0*d. Let i(s) = 15*s - 6*s - o*s - 4. Give i(3).
-1
Let a(p) = p**2 - 2*p + 2. Let w be a(2). Let b(d) = d**3 - 3 + 2*d**3 - 2*d**3 + w*d**2 - 4*d. Let i = 0 + -2. Give b(i).
5
Let v = -4 + 1. Let c(o) = o - 2 + 0*o - 2 + 0. Determine c(v).
-7
Let i be 30/3*2/(-4). Let m(a) = -6*a**3 + 6*a**2 - 5*a - 6. Let h(n) = 5*n**3 - 6*n**2 + 5*n + 5. Let u(r) = i*h(r) - 4*m(r). What is u(4)?
11
Let h(g) = g**2 + 1. Let f(n) = -3*n**2 - 5*n - 2. Let p(k) = f(k) + 2*h(k). Let u be ((-5)/(-3))/(7 + (-110)/15). Calculate p(u).
0
Let j = -2 + 4. Let b(l) = -j*l + 3*l - l**2 + l. What is b(3)?
-3
Let g(r) = r**2 + 7*r + 2. Let z be g(-7). Suppose -z*d = 4*c, -3*c + 3 = 5*d - 4. Let p(y) = -d*y - 3*y - 4 + 3*y. Give p(-4).
4
Let v(q) be the third derivative of q**6/120 - q**5/20 - q**4/8 + q**3/3 - q**2. What is v(3)?
-7
Let x = 2 + -5. Let v(j) = 4*j**2 + 4*j + 2. Let f(s) = 9*s**2 + 8*s + 4. Suppose -y - 12 = -5*y. Let d(b) = y*f(b) - 7*v(b). What is d(x)?
1
Let p(m) be the first derivative of -m**3/3 - m**2 + 5*m - 8. Give p(-4).
-3
Suppose -10 = -2*m + 7*m. Let c(k) = -3*k**2 - 2*k. Give c(m).
-8
Suppose 0 = -o - 5. Let w(q) = -q**3 - 4*q**2 + 7*q + 6. Determine w(o).
-4
Let w(f) = 2 + 2 - 3 - f - 3*f. Give w(1).
-3
Let u be (-3)/(-4 + 39/12). Let k(n) = 3*n**2 - 3*n**2 + 4*n + u - n**2 - 7. What is k(2)?
1
Let n(s) = -s**3 - 6*s**2 - 6*s - 5. Let i(o) = -3*o**3 - 18*o**2 - 18*o - 14. Let u(r) = 3*i(r) - 8*n(r). Let q = 7 + -11. Give u(q).
-10
Let f = -5 - 0. Let a(v) = -2*v**2 - v - 7. Let z(q) = q**2 + 4. Let w(x) = f*z(x) - 3*a(x). What is w(-4)?
5
Suppose h + 20 = 6*h. Suppose -7 - 5 = -h*c, r = c - 7. Let z(p) = -p**3 - 4*p**2 - 4. What is z(r)?
-4
Let h = -3 + 6. Let s be 14/h - (-4)/(-6). Let b be (-1)/s + 28/(-16). Let c(o) = o**3 + 2*o**2 + 2*o + 3. Calculate c(b).
-1
Let w be (-8)/28 + (-2)/(-7). Let z(j) = j**3 + w*j**2 - 7 + 0*j**2 + j. Suppose 3*r + 4 = 4*t - 8, 5*r - 2*t = -6. Calculate z(r).
-7
Let h(v) = 13*v**2 + 5*v + 8. Let t(y) = -9*y**2 - 3*y - 5. Suppose 0 = w - 5. Let g(a) = w*h(a) + 8*t(a). Suppose 5*k = 1 + 4. Give g(k).
-6
Let c(w) = w**2 + 1. Let z(f) = f**2 + 5*f - 3. Let t(j) = 2*c(j) - z(j). Let y = -2 + 7. Determine t(y).
5
Suppose 27*x - 23*x = 0. Let o(t) = -t**2 - 10. Give o(x).
-10
Let j(l) be the third derivative of 0*l + 0 - 1/6*l**3 + l**2 - 1/3*l**4. Let q = 63 + -64. What is j(q)?
7
Suppose -4*s + 5*s = 2. Let y(k) = k**2 + 0*k**2 + 1 - s*k**2 + 2*k + 1. Determine y(-2).
-6
Let t(w) = w**3 - 6*w**2 + 2*w + 1. Let r(a) = a**3 - a**2 - 1. Let l(g) = 2*r(g) - t(g). Suppose -3*x = -3 + 12. Determine l(x).
12
Let u(p) = p**3 + 3*p**2 - 3*p - 5. Let b be (5/12 - 6/(-24))*-6. What is u(b)?
-9
Let m(a) = 4 - 5 - 1 - 10*a + 3. What is m(1)?
-9
Let z be -3 + (5 - (2 + -2)). Let h(a) be the second derivative of 1/3*a**3 - z*a**2 - a + 0. What is h(3)?
2
Let g(t) = -5 - 11*t - 9*t - 11*t + 33*t. What is g(-6)?
-17
Let n(r) = -5*r - 6. Let a(p) = 6*p + 6. Let o(x) = -6*a(x) - 7*n(x). Suppose -4*j = j - 15. Give o(j).
3
Let d(k) b